
True
Is 2921 a composite number?
True
Is 13841 a composite number?
False
Is 68533 a prime number?
False
Is 1029731 a composite number?
False
Is 826639 prime?
False
Is 5209 a prime number?
True
Is 309955 prime?
False
Is 2158333 prime?
True
Is 1930031 a prime number?
False
Is 21647 a prime number?
True
Is 25693 composite?
False
Is 244113 a composite number?
True
Is 48361 a composite number?
True
Is 143093 composite?
False
Is 124789 a composite number?
True
Is 612571 a prime number?
False
Is 14441 a composite number?
True
Is 82367 prime?
False
Is 30209 prime?
False
Is 1154831 a composite number?
True
Is 4393 composite?
True
Is 31013 composite?
False
Is 83833 composite?
False
Is 36037 a prime number?
True
Is 582919 composite?
True
Is 1096511 a composite number?
True
Is 178099 a prime number?
False
Is 44011 a composite number?
True
Is 274451 a prime number?
True
Is 9199 a composite number?
False
Is 14519 composite?
False
Is 230959 composite?
False
Is 10447 a composite number?
True
Is 143053 composite?
False
Is 226859 a composite number?
True
Is 16934 composite?
True
Is 3907 prime?
True
Is 510299 a prime number?
True
Is 358847 a composite number?
False
Is 406243 a prime number?
False
Is 131 a prime number?
True
Is 209621 a composite number?
False
Is 13861 a composite number?
True
Is 27581 prime?
True
Is 1958141 composite?
True
Is 112963 composite?
True
Is 222553 prime?
True
Is 37603 a prime number?
False
Is 161503 a composite number?
False
Is 2785519 composite?
True
Is 17893 a composite number?
True
Is 30563 a composite number?
True
Is 11387 a prime number?
False
Is 182419 a prime number?
False
Is 229423 prime?
True
Is 63977 a composite number?
False
Is 4547 prime?
True
Is 636383 prime?
False
Is 181549 a composite number?
False
Is 315869 composite?
True
Is 64919 a prime number?
True
Is 328007 a composite number?
False
Is 1260971 a composite number?
False
Is 2298071 prime?
True
Is 4861 composite?
False
Is 111799 prime?
True
Is 263431 prime?
False
Is 84047 a composite number?
False
Is 677899 prime?
False
Is 20701 a prime number?
False
Is 7859 a prime number?
False
Is 15421 a composite number?
True
Is 13517 a composite number?
True
Is 149 prime?
True
Is 69199 a prime number?
False
Is 948203 a prime number?
False
Is 1095161 a composite number?
False
Is 1123 a composite number?
False
Is 24197 prime?
True
Is 30529 prime?
True
Is 508705 prime?
False
Is 133481 composite?
False
Is 6247 composite?
False
Is 42803 a prime number?
False
Is 195389 prime?
True
Is 1017529 a prime number?
False
Is 1205527 a prime number?
True
Is 524753 a prime number?
False
Is 103749 composite?
True
Is 36433 a prime number?
True
Is 337 a prime number?
True
Is 2721 composite?
True
Is 17663 a prime number?
False
Is 18617 a prime number?
True
Is 803 composite?
True
Is 196001 a prime number?
False
Is 169255 composite?
True
Is 68767 prime?
True
Is 14822 prime?
False
Is 35251 a prime number?
True
Is 186117 prime?
False
Is 31399 prime?
False
Is 401113 a prime number?
True
Is 751423 a prime number?
True
Is 4083 prime?
False
Is 5737 composite?
False
Is 30823 composite?
True
Is 23857 composite?
False
Is 45397 prime?
False
Is 1081771 prime?
True
Is 1719491 a prime number?
True
Is 21481 prime?
True
Is 151706 composite?
True
Is 72717 a prime number?
False
Is 10903 prime?
True
Is 489 a composite number?
True
Is 31639 prime?
False
Is 6469 a composite number?
False
Is 54181 prime?
True
Is 12889 a prime number?
True
Is 26981 a prime number?
True
Is 179261 composite?
False
Is 5131 composite?
True
Is 63785 composite?
True
Is 195311 composite?
False
Is 32117 composite?
False
Is 249287 a prime number?
True
Is 36263 a composite number?
False
Is 1642079 a prime number?
True
Is 147835 prime?
False
Is 57347 composite?
False
Is 6059 a prime number?
False
Is 43201 composite?
False
Is 13193 prime?
False
Is 9489 prime?
False
Is 2285159 composite?
False
Is 162593 a prime number?
True
Is 24763 a composite number?
False
Is 18709 a prime number?
False
Is 511151 a composite number?
False
Is 12797 composite?
True
Is 10211 composite?
False
Is 35458 a composite number?
True
Is 26801 prime?
True
Is 211199 composite?
False
Is 115361 a composite number?
False
Is 18799 a prime number?
False
Is 523018 a prime number?
False
Is 112163 a composite number?
False
Is 315671 a prime number?
True
Is 22843 a composite number?
True
Is 125131 composite?
False
Is 121677 a prime number?
False
Is 25045 a composite number?
True
Is 157393 a prime number?
True
Is 4039 prime?
False
Is 32979 a prime number?
False
Is 293 prime?
True
Is 406951 a composite number?
False
Is 407989 a prime number?
False
Is 228731 prime?
True
Is 2063 a prime number?
True
Is 218611 prime?
True
Is 5639 prime?
True
Is 3499 prime?
True
Is 6857 prime?
True
Is 41411 a prime number?
True
Is 71871 prime?
False
Is 8219 a composite number?
False
Is 20381 composite?
True
Is 13063 a composite number?
False
Is 23971 composite?
False
Is 6457 composite?
True
Is 355541 prime?
True
Is 51329 composite?
False
Is 1156523 a prime number?
True
Is 7409 prime?
False
Is 75001 composite?
True
Is 9750839 prime?
False
Is 83299 prime?
True
Is 1768583 prime?
True
Is 6742 a composite number?
True
Is 1918283 composite?
False
Is 4274 prime?
False
Is 6658 a prime number?
False
Is 633707 composite?
True
Is 8707 a composite number?
False
Is 245071 a composite number?
False
Is 1351 a composite number?
True
Is 2063 a prime number?
True
Is 117389 a composite number?
False
Is 2291 a prime number?
False
Is 96893 composite?
False
Is 43853 composite?
False
Is 26339 composite?
False
Is 74489 composite?
False
Is 68707 a prime number?
False
Is 164023 prime?
True
Is 15859 a prime number?
True
Is 330661 a prime number?
True
Is 101539 composite?
True
Is 16787 prime?
True
Is 37781 prime?
True
Is 512641 a composite number?
False
Is 422333 a prime number?
False
Is 76091 a composite number?
False
Is 193994 a prime number?
False
Is 1949 a prime number?
True
Is 306287 a prime number?
False
Is 69371 a prime number?
True
Is 13894 prime?
False
Is 85233 composite?
True
Is 11027 prime?
True
Is 45281 a composite number?
False
Is 53183 a prime number?
False
Is 17221 a prime number?
False
Is 127579 prime?
True
Is 20849 a composite number?
False
Is 1798573 a prime number?
False
Is 68707 prime?
False
Is 675547 composite?
True
Is 18517 prime?
True
Is 631 prime?
True
Is 4391 prime?
True
Is 506251 a composite number?
False
Is 1447651 composite?
True
Is 8879 a composite number?
True
Is 190271 prime?
True
Is 95801 prime?
True
Is 8329 a prime number?
True
Is 3967 composite?
False
Is 85753 a composite number?
True
Is 4621 prime?
True
Is 130265 composite?
True
Is 267635 a prime number?
False
Is 12797 a composite number?
True
Is 142685 a prime number?
False
Is 17211 composite?
True
Is 12401 prime?
True
Is 129187 composite?
False
Is 33871 a prime number?
True
Is 1272151 a composite number?
False
Is 30111 a composite number?
True
Is 20161 prime?
True
Is 25859 prime?
False
Is 306643 prime?
True
Is 13859 a composite number?
False
Is 57367 a composite number?
False
Is 294682 prime?
False
Is 239347 prime?
True
Is 130729 a prime number?
True
Is 70373 a composite number?
False
Is 3989 a prime number?
True
Is 333363 a composite number?
True
Is 1109561 a prime number?
True
Is 4507 a prime number?
True
Is 111797 a composite number?
True
Is 208099 a composite number?
False
Is 16207 composite?
True
Is 32489 prime?
False
Is 6197 a composite number?
False
Is 642613 composite?
False
Is 377851 a composite number?
False
Is 88233 a composite number?
True
Is 587 a composite number?
False
Is 114501 composite?
True
Is 22397 a prime number?
True
Is 12197 a composite number?
False
Is 1949 composite?
False
Is 206993 a prime number?
True
Is 26317 prime?
True
Is 1605311 prime?
False
Is 956903 composite?
False
Is 1361 a composite number?
False
Is 321207 a prime number?
False
Is 14351 prime?
False
Is 58033 composite?
True
Is 92143 a prime number?
True
Is 74379 a prime number?
False
Is 14566 a prime number?
False
Is 178681 prime?
True
Is 3271 a prime number?
True
Is 127901 a composite number?
True
Is 1782227 composite?
True
Is 306619 a composite number?
True
Is 396835 a composite number?
True
Is 2813 a composite number?
True
Is 113933 prime?
True
Is 18037 compo